69
What are the prime factors of 573250226?
2, 53, 5408021
What are the prime factors of 82859522?
2, 41429761
List the prime factors of 270094786.
2, 13, 61469
List the prime factors of 12620608.
2, 7, 11, 13, 197
List the prime factors of 282700975.
5, 11308039
List the prime factors of 3099291513.
3, 1033097171
What are the prime factors of 350081142?
2, 3, 1979, 29483
List the prime factors of 4459191.
3, 11, 163, 829
What are the prime factors of 305479453?
157, 1945729
What are the prime factors of 59812986?
2, 3, 743, 13417
What are the prime factors of 733523281?
733523281
What are the prime factors of 596265956?
2, 11, 13, 17, 3607
What are the prime factors of 2718055792?
2, 19, 8940973
List the prime factors of 102798234.
2, 3, 7, 11, 41, 67
What are the prime factors of 4323852170?
2, 5, 11, 59, 666233
What are the prime factors of 1084571261?
29, 1289621
List the prime factors of 187394496.
2, 3, 976013
List the prime factors of 197825455.
5, 39565091
What are the prime factors of 100830743?
13, 43, 61, 2957
List the prime factors of 297163155.
3, 5, 1447, 13691
What are the prime factors of 572734864?
2, 13, 2753533
List the prime factors of 96310158.
2, 3, 7, 563, 4073
What are the prime factors of 40097663?
31, 1293473
What are the prime factors of 33521434?
2, 19, 47, 137
What are the prime factors of 276145312?
2, 43, 101, 1987
List the prime factors of 172271052.
2, 3, 4785307
List the prime factors of 36095457.
3, 41, 293459
List the prime factors of 313032102.
2, 3, 52172017
What are the prime factors of 94688003?
103, 919301
What are the prime factors of 27647991?
3, 7, 29, 37, 409
What are the prime factors of 33328921?
33328921
List the prime factors of 151133101.
7, 179, 17231
List the prime factors of 53605904.
2, 11, 27689
What are the prime factors of 2924666?
2, 113, 12941
List the prime factors of 75139851.
3, 19, 277, 4759
What are the prime factors of 82200980?
2, 5, 4110049
List the prime factors of 70579668.
2, 3, 5881639
What are the prime factors of 177547833?
3, 23, 241, 3559
What are the prime factors of 3419926?
2, 1709963
What are the prime factors of 463832234?
2, 231916117
What are the prime factors of 241951042?
2, 53, 137, 16661
List the prime factors of 51212494.
2, 83, 308509
List the prime factors of 3077404714.
2, 1538702357
List the prime factors of 50223370.
2, 5, 1601, 3137
List the prime factors of 1535035617.
3, 23, 30517
List the prime factors of 3032993608.
2, 887, 427423
What are the prime factors of 198215855?
5, 39643171
List the prime factors of 377299186.
2, 11, 73, 234931
List the prime factors of 36343239.
3, 79, 89, 1723
List the prime factors of 2398651339.
7, 113, 3032429
What are the prime factors of 1016223708?
2, 3, 1031, 82139
What are the prime factors of 134885372?
2, 271, 124433
What are the prime factors of 1707977349?
3, 13, 71, 205607
List the prime factors of 212905484.
2, 11, 17, 284633
What are the prime factors of 44735844?
2, 3, 107, 34841
List the prime factors of 285173787.
3, 95057929
List the prime factors of 6078520251.
3, 151, 4472789
What are the prime factors of 128731977?
3, 11, 149, 2909
List the prime factors of 22164840.
2, 3, 5, 6841
What are the prime factors of 56411903?
56411903
List the prime factors of 791381629.
47, 1429, 11783
What are the prime factors of 466661754?
2, 3, 13, 41, 127, 383
What are the prime factors of 62516231?
23, 2718097
What are the prime factors of 3663333804?
2, 3, 13, 23482909
List the prime factors of 58965513.
3, 43, 457097
What are the prime factors of 1711246246?
2, 855623123
List the prime factors of 35882806.
2, 23, 780061
What are the prime factors of 72843024?
2, 3, 23, 65981
List the prime factors of 21633917.
21633917
List the prime factors of 141400236.
2, 3, 37, 167, 1907
List the prime factors of 34084844.
2, 37, 230303
What are the prime factors of 65219592?
2, 3, 919, 2957
List the prime factors of 1366402280.
2, 5, 29, 1177933
List the prime factors of 1516573421.
11, 127, 557, 1949
What are the prime factors of 205837756?
2, 51459439
List the prime factors of 8762769.
3, 17, 1123
What are the prime factors of 1869794472?
2, 3, 7, 13, 856133
List the prime factors of 211145254.
2, 1733, 60919
List the prime factors of 592683765.
3, 5, 39512251
What are the prime factors of 1050179652?
2, 3, 29171657
List the prime factors of 51782783.
13, 306407
List the prime factors of 2417909198.
2, 1208954599
List the prime factors of 542323368.
2, 3, 269, 28001
List the prime factors of 433747673.
17, 1500857
What are the prime factors of 474276963?
3, 158092321
List the prime factors of 104321055.
3, 5, 6954737
What are the prime factors of 1557333375?
3, 5, 13, 319453
What are the prime factors of 558793669?
7, 47, 1698461
List the prime factors of 237512115.
3, 5, 1759349
List the prime factors of 1231954056.
2, 3, 181, 31511
List the prime factors of 578136565.
5, 115627313
What are the prime factors of 37629941?
139, 270719
What are the prime factors of 3503357157?
3, 1167785719
What are the prime factors of 1333093884?
2, 3, 19, 5846903
What are the prime factors of 8733395?
5, 11, 97, 1637
List the prime factors of 376060188.
2, 3, 7, 4476907
List the prime factors of 3658620345.
3, 5, 243908023
What are the prime factors of 426052454?
2, 2557, 83311
List the prime factors of 409734496.
2, 2753, 4651
List the prime factors of 286540229.
157, 293, 6229
List the prime factors of 19265821.
181, 106441
What are the prime factors of 3110312525?
5, 67, 1856903
What are the prime factors of 185980765?
5, 17, 61, 35869
What are the prime factors of 961556?
2, 37, 73, 89
List the prime factors of 67382087.
769, 87623
What are the prime factors of 308006590?
2, 5, 30800659
What are the prime factors of 370658482?
2, 71, 241, 10831
List the prime factors of 445186773.
3, 47, 337, 347
What are the prime factors of 68436798?
2, 3, 17, 97, 6917
List the prime factors of 1873159278.
2, 3, 312193213
What are the prime factors of 1075352476?
2, 11, 17, 97, 14821
What are the prime factors of 57138930?
2, 3, 5, 719, 883
What are the prime factors of 253287661?
11, 23, 97, 10321
What are the prime factors of 1497940611?
3, 157, 191, 16651
What are the prime factors of 18625706?
2, 11, 251, 3373
What are the prime factors of 4436124821?
83, 53447287
List the prime factors of 273263926.
2, 13, 29, 362419
List the prime factors of 968351894.
2, 137, 149, 23719
What are the prime factors of 3401130564?
2, 3, 13, 41, 157, 1129
List the prime factors of 983711188.
2, 17, 14466341
What are the prime factors of 58704113?
13, 131, 34471
What are the prime factors of 685044097?
4649, 147353
List the prime factors of 1159075411.
13, 19, 67, 70039
List the prime factors of 374775008.
2, 137, 85487
What are the prime factors of 272350681?
523, 520747
What are the prime factors of 3304070721?
3, 7, 19, 53, 52081
List the prime factors of 108097698.
2, 3, 109, 165287
What are the prime factors of 15790995?
3, 5, 11, 19, 23, 73
What are the prime factors of 1383636375?
3, 5, 11, 17, 6577
List the prime factors of 269547240.
2, 3, 5, 17, 71, 1861
What are the prime factors of 2217701241?
3, 7, 1676267
List the prime factors of 887665871.
101, 8788771
What are the prime factors of 759181446?
2, 3, 42176747
List the prime factors of 329191304.
2, 13, 3165301
What are the prime factors of 101133623?
101, 1001323
What are the prime factors of 313813091?
113, 2777107
List the prime factors of 2959360308.
2, 3, 311, 264323
List the prime factors of 170939379.
3, 13, 4383061
What are the prime factors of 35786408?
2, 7, 639043
What are the prime factors of 2767106789?
2203, 1256063
What are the prime factors of 15969159?
3, 1031, 1721
List the prime factors of 1028480329.
173, 5944973
What are the prime factors of 33444929?
7, 37, 139, 929
List the prime factors of 27305121.
3, 9101707
List the prime factors of 244835029.
61, 137, 29297
What are the prime factors of 3084474725?
5, 19, 6493631
What are the prime factors of 69560765?
5, 13912153
What are the prime factors of 2969760669?
3, 73, 13560551
List the prime factors of 171330065.
5, 79, 433747
List the prime factors of 275514252.
2, 3, 13, 1766117
List the prime factors of 5900273113.
7, 17,